08)?
-24
Let h(f) = 3*f**3 + 16*f**2 - 116*f + 14. Give h(9).
2453
Let d(u) = u**3 + 71*u**2 + 214*u - 3088. What is d(-67)?
530
Let d(j) = -6054*j - 647780. Give d(-107).
-2
Let q(f) = 3*f**2 + 102*f - 150. Calculate q(-15).
-1005
Let y(a) = 13*a**2 - 416*a - 1344. Calculate y(35).
21
Let f(o) = 2*o**3 + 255*o**2 + 428*o + 6192. What is f(-126)?
-108
Let z(s) = -s**3 + 143*s**2 + 2*s - 3865. What is z(143)?
-3579
Let l(s) = 32985*s + 857615. Determine l(-26).
5
Let j(p) = p**3 - 139*p**2 + 822*p - 2498. Give j(133).
694
Let t(l) = -l**2 + 14512*l + 87107. Give t(-6).
-1
Let k(h) = -h**3 - 9420*h + 28285. Determine k(3).
-2
Let m(s) = s**2 + 836*s - 23273. Give m(27).
28
Let v(u) = -15*u - 298. What is v(-28)?
122
Let c(k) = k**3 + 16*k**2 - 549*k - 56. Calculate c(17).
148
Let v(x) = 4*x**2 - 192*x - 6745. What is v(-24)?
167
Let w(z) = 203*z + 3043. Give w(-14).
201
Let v(z) = -6*z**3 + 156*z**2 + 11*z - 291. What is v(26)?
-5
Let j(w) = -w**3 + 242*w**2 - 928*w + 50399. Calculate j(239).
-30
Let p(j) = -j**2 - 918*j + 254436. Determine p(223).
-7
Let m(x) = -3462*x + 79671. Calculate m(23).
45
Let f(q) = -2902*q + 49345. Determine f(17).
11
Let y(j) = -3*j**3 + 693*j**2 + 2*j + 1277. What is y(231)?
1739
Let m(l) = -178*l + 9257. What is m(54)?
-355
Let f(x) = -x**3 - 36*x**2 + 277*x - 991. Determine f(-43).
41
Let j(q) = q**2 - 162*q + 1983. Calculate j(141).
-978
Let j(c) = -12*c**2 + 418*c + 538. Determine j(36).
34
Let s(q) = -39093*q + 273285. Give s(7).
-366
Let v(u) = -17*u**3 + 80*u**2 + 31*u + 31. What is v(7)?
-1663
Let x(m) = -33314*m + 166736. Calculate x(5).
166
Let h(n) = n**2 - 225*n + 4899. Determine h(212).
2143
Let c(z) = -z**3 + 69*z**2 - 2106*z + 131777. What is c(67)?
-347
Let u(p) = -57*p**2 - 771*p + 75. Calculate u(-14).
-303
Let y(u) = -749*u + 28449. Give y(38).
-13
Let l(p) = -8914*p + 53481. What is l(6)?
-3
Let c(w) = -2*w**3 + 720*w**2 - 3549*w - 369. Calculate c(355).
-14
Let p(g) = -2704*g + 32477. What is p(12)?
29
Let f(b) = 2422*b - 784788. Calculate f(324).
-60
Let j(h) = -3638*h - 28843. Calculate j(-8).
261
Let x(a) = -9*a**2 - 395*a - 365. Calculate x(-39).
1351
Let m(o) = 258*o**2 + 3079*o - 155. Give m(-12).
49
Let s(y) = -84018*y - 167983. Calculate s(-2).
53
Let p(j) = -2*j**2 - 15*j + 1886. Calculate p(30).
-364
Let y(g) = -2*g**2 - 1978*g - 7885. Determine y(-4).
-5
Let h(b) = 20353*b - 244263. What is h(12)?
-27
Let j(q) = -3*q**2 + 53415*q - 427180. Give j(8).
-52
Let p(d) = -3*d**3 - 13*d**2 - 538*d - 1575. What is p(-3)?
3
Let b(r) = -2*r**3 - 232*r**2 - 1110*r - 278. Determine b(-111).
-278
Let n(a) = -3446*a**2 + 58582*a - 2. What is n(17)?
-2
Let t(u) = 3889*u - 972227. Calculate t(250).
23
Let q(b) = -5*b**2 + 963*b - 10505. Determine q(181).
-7
Let l(k) = -7*k**3 - 6*k**2 + 19*k - 15. Determine l(2).
-57
Let t(p) = 1460*p + 55487. Determine t(-38).
7
Let r(k) = -6*k**3 - 442*k**2 + 131*k - 1269. Give r(-74).
-11
Let i(k) = 358*k - 4339. Give i(16).
1389
Let v(w) = 946*w**2 + 32161*w + 83. What is v(-34)?
185
Let h(p) = 2559*p - 25665. Determine h(10).
-75
Let q(k) = -267*k - 8811. What is q(-34)?
267
Let b(d) = -47690*d - 143133. Calculate b(-3).
-63
Let o(u) = 96*u**2 - 806*u + 183. What is o(6)?
-1197
Let q(c) = c**2 + 374*c - 19450. Give q(-420).
-130
Let y(z) = -23*z**2 + 375*z + 104. Determine y(17).
-168
Let h(g) = g**3 - 19*g**2 - 313*g + 27. Give h(29).
-640
Let d(j) = 2*j**3 + 15*j**2 - 530*j - 54. Give d(13).
-15
Let j(p) = 76*p**2 + 15209*p + 1747. Give j(-200).
-53
Let b(p) = -5*p**2 + 3205*p - 302447. Calculate b(115).
3
Let s(d) = -2*d**3 - 125*d**2 + 7*d - 300. Determine s(-63).
3228
Let j(g) = -g**2 + 386*g + 22292. What is j(-51)?
5
Let d(y) = 160*y**2 - 12794*y - 476. Give d(80).
4
Let i(a) = -76169*a - 6169684. Give i(-81).
5
Let q(z) = z**2 - 201*z - 5377. Determine q(-25).
273
Let l(y) = -1807*y - 162573. What is l(-90)?
57
Let w(k) = 15*k**2 - 220*k + 67. What is w(9)?
-698
Let c(b) = 5276*b - 3181420. What is c(603)?
8
Let u(m) = -5960*m**2 - 29723*m + 386. Give u(-5).
1
Let v(w) = -w**3 - 47*w**2 - 79*w + 1095. Determine v(0).
1095
Let f(l) = -123*l + 23761. Determine f(192).
145
Let b(o) = -209*o**2 + 6297*o - 36996. Determine b(8).
4
Let m(a) = -2*a**3 + 105*a**2 + 506*a - 1017. Determine m(57).
-1416
Let x(u) = 2*u**2 + 607*u + 14941. Calculate x(-27).
10
Let n(z) = -2*z**2 - 43*z + 401. Give n(-35).
-544
Let z(n) = -7*n**2 + 614*n + 697. Determine z(86).
1729
Let q(l) = 8*l**3 - 7*l**2 + 12*l + 5. Determine q(3).
194
Let b(z) = z**2 - 341*z + 17455. Give b(63).
-59
Let s(k) = 5*k**3 - 197*k**2 - 312*k - 686. Give s(41).
-30
Let f(i) = 54*i - 1551. Give f(28).
-39
Let g(m) = 37924*m - 1782425. Calculate g(47).
3
Let y(a) = -2*a**3 - 475*a**2 + 1682*a - 1202. Determine y(-241).
3
Let x(s) = -4*s**2 - 1153*s - 10595. Calculate x(-8).
-1627
Let b(w) = -2*w**2 - 267*w + 36968. Determine b(84).
428
Let f(x) = 840*x**2 + 955904*x - 18206. Calculate f(-1138).
2
Let g(a) = 2540*a - 3316. Determine g(2).
1764
Let w(o) = -o**3 - 11*o**2 - 1288*o - 17100. Calculate w(-13).
-18
Let y(g) = -65*g**3 - 8*g**2 - 117*g - 117. What is y(-1)?
57
Let o(b) = 3*b**2 - 1063*b - 254346. Give o(518).
-8
Let i(o) = o**3 - 227*o**2 + 176*o + 11121. Give i(226).
-179
Let r(g) = g**3 - 11*g**2 - 4364*g + 52201. Calculate r(12).
-23
Let j(p) = -50*p**2 + 10111*p + 7978. What is j(203)?
61
Let d(o) = 24*o**2 + 4453*o - 1986. What is d(-186)?
60
Let x(v) = -v**2 - 12*v + 241. Determine x(-11).
252
Let z(s) = 3407*s + 1062984. What is z(-312)?
0
Let d(a) = -2*a**3 - 379*a**2 - 587*a - 4359. What is d(-188)?
-35
Let f(l) = -35883*l - 1542965. What is f(-43)?
4
Let f(r) = r**2 - 18*r - 12204. What is f(123)?
711
Let u(z) = 3*z**3 - 440*z**2 - 102*z - 6619. What is u(147)?
-4
Let o(j) = 18*j**2 + 162*j + 839. What is o(-7)?
587
Let a(v) = 3*v**3 + 40*v**2 + 69*v + 9. Determine a(-3).
81
Let y(p) = 1537*p**2 - 574838*p - 43. What is y(374)?
-43
Let p(n) = 28*n**2 + 7897*n + 298663. Determine p(-45).
-2
Let n(i) = i**3 - 20*i**2 - 166*i - 9. Give n(26).
-269
Let f(y) = -2*y**2 - 12*y + 21439. Give f(-106).
239
Let v(h) = -279*h + 356. What is v(-6)?
2030
Let c(g) = -168*g**3 + 10081*g**2 - 58*g - 5. Determine c(60).
115
Let g(s) = 78*s**2 + 1710*s - 71. Determine g(-22).
61
Let t(i) = 2603*i**2 + 15604*i - 5. Calculate t(-6).
79
Let b(a) = -286*a**2 + 1419*a + 9. Determine b(5).
-46
Let l(p) = -4943*p + 9886. Determine l(2).
0
Let z(y) = -y**3 + 70*y**2 + 831*y + 460. Give z(-10).
150
Let c(s) = 7273*s - 1207331. Calculate c(166).
-13
Let a(r) = 259*r**2 - 9600*r + 40. Give a(37).
-589
Let c(v) = -19*v**2 + 8692*v - 17393. Determine c(2).
-85
Let t(o) = -22*o**3 - 694*o**2 + 1055*o - 50. Determine t(-33).
-17
Let l(d) = d**3 + 331*d**2 + 3226*d + 4711. Calculate l(-321).
-425
Let o(c) = 2393*c - 15396. Determine o(5).
-3431
Let o(r) = 2979*r - 1260119. Determine o(423).
-2
Let y(c) = -3*c**2 - 1778*c + 31094. Calculate y(17).
1
Let u(h) = -970*h + 5830. What is u(6)?
10
Let y(t) = 88*t**3 - 11*t**2 + 2*t - 4. What is y(2)?
660
Let y(t) = -35*t**2 + 335*t - 37. Calculate y(7).
593
Let r(m) = -m**3 - 223*m**2 - 500*m + 35205. Determine r(-220).
5
Let c(y) = -1101*y - 770. What is c(-1)?
331
Let i(g) = -6*g**2 + 5*g + 5252. Give i(30).
2
Let t(v) = -400*v + 23682. Determine t(59).
82
Let d(y) = 22*y**3 + 110*y**2 + 135*y + 688. Give d(-5).
13
Let h(i) = -1615*i + 140522. What is h(87)?
17
Let n(m) = -12*m**3 - 2*m**2 + 4*m + 17. Give n(-3).
311
Let z(i) = -i**3 + 15*i**2 - 158*i + 2720. Determine z(15).
350
Let z(r) = -13986*r - 279662. Give z(-20).
58
Let n(v) = v**3 + 30*v**2 + 15*v + 2135. What is n(-24)?
5231
Let j(o) = -6*o**2 + 133*o + 670. What is j(-5)?
-145
Let f(i) = -i**2 - 12123*i + 206398. Give f(17).
18
Let c(x) = -2*x**2 - 241*x - 5030. Give c(-27).
19
Let i(x) = x**3 + 117*x**2 + 1118*x + 177367. Determine i(-120).
7
Let i(u) = 6*u**2 + 7105*u + 21340. Give i(-3).
79
Let n(c) = 30*c + 38541. Calculate n(-1285).
-9
Let c(d) = -2*d**3 - 199*d**2 + 363*d + 45842. Give c(-99).
104
Let x(u) = -6*u**2 + 3419*u + 31108. Determine x(-9).
-149
Let w(i) = -3235*i + 71204. Calculate w(22).
34
Let p(c) = 2*c**2 + 118*c + 129. Determine p(-58).
13
Let n(f) = -92*f**2 + 10215*f - 512. Give n(11